tors of 23448.
2, 3, 977
List the prime factors of 4051.
4051
What are the prime factors of 874?
2, 19, 23
List the prime factors of 52844.
2, 11, 1201
What are the prime factors of 28827?
3, 3203
What are the prime factors of 3242?
2, 1621
List the prime factors of 6809.
11, 619
List the prime factors of 26063.
67, 389
List the prime factors of 3695.
5, 739
List the prime factors of 213.
3, 71
What are the prime factors of 1182?
2, 3, 197
What are the prime factors of 53410?
2, 5, 7, 109
What are the prime factors of 1436?
2, 359
List the prime factors of 597.
3, 199
List the prime factors of 37.
37
List the prime factors of 20009.
11, 17, 107
What are the prime factors of 22436?
2, 71, 79
What are the prime factors of 1477?
7, 211
What are the prime factors of 6335?
5, 7, 181
What are the prime factors of 2208?
2, 3, 23
List the prime factors of 585.
3, 5, 13
List the prime factors of 1331.
11
List the prime factors of 4286.
2, 2143
List the prime factors of 88046.
2, 7, 19, 331
What are the prime factors of 4340?
2, 5, 7, 31
List the prime factors of 4725.
3, 5, 7
List the prime factors of 106749.
3, 29, 409
What are the prime factors of 2389?
2389
List the prime factors of 2287.
2287
List the prime factors of 1828.
2, 457
What are the prime factors of 1789?
1789
What are the prime factors of 113214?
2, 3, 18869
List the prime factors of 3168.
2, 3, 11
List the prime factors of 6909.
3, 7, 47
List the prime factors of 59632.
2, 3727
List the prime factors of 2543.
2543
What are the prime factors of 11732?
2, 7, 419
List the prime factors of 2225.
5, 89
List the prime factors of 2580.
2, 3, 5, 43
What are the prime factors of 2808?
2, 3, 13
What are the prime factors of 5112?
2, 3, 71
List the prime factors of 1607.
1607
List the prime factors of 28818.
2, 3, 1601
What are the prime factors of 74?
2, 37
List the prime factors of 1855.
5, 7, 53
What are the prime factors of 657?
3, 73
List the prime factors of 119946.
2, 3, 19991
What are the prime factors of 48857?
48857
List the prime factors of 23798.
2, 73, 163
What are the prime factors of 4310?
2, 5, 431
What are the prime factors of 2662?
2, 11
List the prime factors of 1641.
3, 547
List the prime factors of 15756.
2, 3, 13, 101
What are the prime factors of 9498?
2, 3, 1583
List the prime factors of 30114.
2, 3, 7, 239
List the prime factors of 1649.
17, 97
List the prime factors of 470.
2, 5, 47
What are the prime factors of 4116?
2, 3, 7
What are the prime factors of 32401?
32401
List the prime factors of 13441.
13441
What are the prime factors of 1312?
2, 41
What are the prime factors of 12742?
2, 23, 277
What are the prime factors of 1879?
1879
List the prime factors of 8218.
2, 7, 587
List the prime factors of 61428.
2, 3, 5119
List the prime factors of 497.
7, 71
What are the prime factors of 138?
2, 3, 23
List the prime factors of 539.
7, 11
What are the prime factors of 3137?
3137
List the prime factors of 17257.
17257
List the prime factors of 2415.
3, 5, 7, 23
List the prime factors of 3690.
2, 3, 5, 41
List the prime factors of 1563.
3, 521
List the prime factors of 3117.
3, 1039
List the prime factors of 3341.
13, 257
List the prime factors of 2868.
2, 3, 239
What are the prime factors of 24601?
73, 337
What are the prime factors of 20902?
2, 7, 1493
List the prime factors of 101225.
5, 4049
What are the prime factors of 116?
2, 29
List the prime factors of 1933.
1933
List the prime factors of 800.
2, 5
What are the prime factors of 7267?
13, 43
List the prime factors of 75444.
2, 3, 6287
What are the prime factors of 1198?
2, 599
What are the prime factors of 1591?
37, 43
What are the prime factors of 4495?
5, 29, 31
What are the prime factors of 5937?
3, 1979
What are the prime factors of 4129?
4129
List the prime factors of 1955.
5, 17, 23
List the prime factors of 55103.
55103
What are the prime factors of 14047?
11, 1277
What are the prime factors of 3230?
2, 5, 17, 19
What are the prime factors of 419?
419
What are the prime factors of 2571?
3, 857
What are the prime factors of 2011?
2011
What are the prime factors of 26611?
13, 23, 89
List the prime factors of 1284.
2, 3, 107
What are the prime factors of 17181?
3, 23, 83
List the prime factors of 14993.
11, 29, 47
List the prime factors of 197652.
2, 3, 7, 13, 181
List the prime factors of 122731.
7, 89, 197
List the prime factors of 2436.
2, 3, 7, 29
List the prime factors of 2347.
2347
List the prime factors of 11530.
2, 5, 1153
What are the prime factors of 259?
7, 37
What are the prime factors of 718?
2, 359
List the prime factors of 7751.
23, 337
What are the prime factors of 31951?
89, 359
What are the prime factors of 8755?
5, 17, 103
What are the prime factors of 199?
199
What are the prime factors of 1689?
3, 563
What are the prime factors of 5144?
2, 643
What are the prime factors of 17848?
2, 23, 97
List the prime factors of 109083.
3, 13, 2797
List the prime factors of 1081.
23, 47
List the prime factors of 17805.
3, 5, 1187
What are the prime factors of 1973?
1973
What are the prime factors of 6527?
61, 107
What are the prime factors of 18843?
3, 11, 571
What are the prime factors of 883?
883
What are the prime factors of 5849?
5849
List the prime factors of 12201.
3, 7, 83
List the prime factors of 935.
5, 11, 17
What are the prime factors of 2488?
2, 311
List the prime factors of 1538.
2, 769
List the prime factors of 106633.
29, 3677
List the prime factors of 11166.
2, 3, 1861
List the prime factors of 31.
31
List the prime factors of 17522.
2, 8761
What are the prime factors of 35212?
2, 8803
List the prime factors of 848.
2, 53
List the prime factors of 1181.
1181
What are the prime factors of 34267?
34267
What are the prime factors of 2019?
3, 673
What are the prime factors of 26249?
26249
List the prime factors of 34410.
2, 3, 5, 31, 37
List the prime factors of 891.
3, 11
What are the prime factors of 22706?
2, 11353
List the prime factors of 5342.
2, 2671
What are the prime factors of 681?
3, 227
List the prime factors of 3605.
5, 7, 103
List the prime factors of 5430.
2, 3, 5, 181
What are the prime factors of 2256?
2, 3, 47
List the prime factors of 2582.
2, 1291
What are the prime factors of 3868?
2, 967
List the prime factors of 5974.
2, 29, 103
What are the prime factors of 63057?
3, 21019
What are the prime factors of 3933?
3, 19, 23
List the prime factors of 2003.
2003
What are the prime factors of 164?
2, 41
What are the prime factors of 96?
2, 3
What are the prime factors of 2488?
2, 311
List the prime factors of 2126.
2, 1063
List the prime factors of 1338.
2, 3, 223
What are the prime factors of 11958?
2, 3, 1993
List the prime factors of 986.
2, 17, 29
List the prime factors of 1148.
2, 7, 41
What are the prime factors of 1052?
2, 263
What are the prime factors of 806?
2, 13, 31
List the prime factors of 66171.
3, 7, 23, 137
List the prime factors of 27627.
3, 9209
What are the prime factors of 721?
7, 103
List the prime factors of 5103.
3, 7
What are the prime factors of 24133?
24133
What are the prime factors of 5345?
5, 1069
What are the prime factors of 10854?
2, 3, 67
List the prime factors of 183.
3, 61
List the prime factors of 13950.
2, 3, 5, 31
What are the prime factors of 580?
2, 5, 29
List the prime factors of 7152.
2, 3, 149
List the prime factors of 4885.
5, 977
What are the prime factors of 1490?
2, 5, 149
List the prime factors of 102960.
2, 3, 5, 11, 13
List the prime factors of 34999.
31, 1129
List the prime factors of 1991.
11, 181
What are the prime factors of 218?
2, 109
What are the prime factors of 13495?
5, 2699
What are the prime factors of 2531?
2531
List the prime factors of 207.
3, 23
List the prime factors of 12659.
12659
What are the prime factors of 17396?
2, 4349
What are the prime factors of 14827?
14827
List the prime factors of 6147.
3, 683
What are the prime factors of 4450?
2, 5, 89
List the prime factors of 37652.
2, 9413
List the prime factors of 1026.
2, 3, 19
What are the prime factors of 18397?
18397
List the prime factors of 540.
2, 3, 5
What are the prime factors of 8115?
3, 5, 541
List the prime factors of 2232.
2, 3, 31
What are the prime factors of 98662?
2, 49331
What are the prime factors of 5116?
2, 1279
What are the prime fact